ase 8) to base 4.
2131020
What is -645 (base 10) in base 12?
-459
What is 13a (base 15) in base 6?
1144
Convert -10443 (base 6) to base 7.
-4164
14617 (base 14) to base 13
1a046
-701c (base 16) to base 11
-1a621
-2d3 (base 14) to base 16
-241
What is 100111100011000 (base 2) in base 3?
1000202221
-12346 (base 7) to base 2
-110011000100
-11101000010111 (base 2) to base 15
-4616
What is -1000012 (base 3) in base 7?
-2066
-7e2 (base 16) to base 14
-a42
What is 4044410 (base 5) in base 14?
19ca1
What is 47c8 (base 13) in base 11?
7684
What is -1000011010010 (base 2) in base 12?
-25aa
Convert -326 (base 8) to base 14.
-114
What is 10330 (base 9) in base 2?
1101010101111
511 (base 11) to base 12
435
What is -121330 (base 5) in base 9?
-6260
What is 23b6 (base 15) in base 8?
16654
-840 (base 11) to base 7
-2644
What is -51563 (base 9) in base 7?
-201054
What is -22200100 (base 3) in base 4?
-1202313
1120 (base 6) to base 9
323
198 (base 16) to base 7
1122
What is 404 (base 14) in base 11?
657
Convert -b83 (base 12) to base 5.
-23213
Convert 10525 (base 9) to base 4.
1231031
What is -28398 (base 11) in base 10?
-40400
What is 4432 (base 6) in base 11?
855
-250d (base 15) to base 4
-1323100
Convert -4235 (base 8) to base 2.
-100010011101
Convert 21637 (base 8) to base 11.
6940
What is -23760 (base 8) in base 14?
-3a24
-1011020 (base 4) to base 13
-2024
2233 (base 4) to base 12
127
Convert 9c (base 16) to base 15.
a6
What is 1122211 (base 3) in base 4?
102322
-1123012 (base 5) to base 2
-100111110011110
Convert 13342 (base 5) to base 15.
4d2
-798 (base 15) to base 14
-8aa
1100111111101 (base 2) to base 15
1e88
-4022 (base 16) to base 10
-16418
Convert 1c84 (base 15) to base 4.
1200313
What is 201222 (base 4) in base 11?
1689
-11047 (base 10) to base 6
-123051
Convert -105532 (base 6) to base 9.
-13372
42244 (base 5) to base 8
5410
Convert 201120 (base 3) to base 4.
20100
What is -2179 (base 14) in base 16?
-169f
What is 83c8 (base 15) in base 13?
c8b4
Convert -53623 (base 8) to base 6.
-251443
What is a8 (base 14) in base 8?
224
Convert 23335 (base 6) to base 8.
6453
Convert 5140 (base 6) to base 2.
10001110100
-3c3 (base 15) to base 11
-710
-33397 (base 10) to base 16
-8275
Convert -111111000 (base 2) to base 7.
-1320
211313 (base 4) to base 6
15115
13212 (base 5) to base 3
1110011
What is 54442 (base 6) in base 11?
5711
What is -17539 (base 12) in base 5?
-2033342
72612 (base 8) to base 11
20675
What is -1002112 (base 3) in base 7?
-2216
What is 100110101010 (base 2) in base 6?
15242
63b (base 16) to base 7
4436
What is -267 (base 8) in base 4?
-2313
Convert 11111111011 (base 2) to base 13.
c12
What is 1203 (base 6) in base 12?
203
Convert 22112002 (base 3) to base 2.
1100001000100
-217c (base 15) to base 12
-4130
Convert -321031 (base 6) to base 5.
-1314110
What is 88 (base 14) in base 6?
320
-6510 (base 8) to base 3
-11122221
What is 378 (base 12) in base 2?
1000001100
What is -733 (base 9) in base 13?
-36c
1141 (base 6) to base 15
137
What is 1601 (base 11) in base 10?
2058
-2202 (base 10) to base 14
-b34
2035 (base 8) to base 6
4513
What is 404 (base 10) in base 3?
112222
Convert -14707 (base 11) to base 2.
-101000101010011
521 (base 10) to base 13
311
What is -144a (base 16) in base 9?
-7111
Convert -15422 (base 6) to base 4.
-213212
-314 (base 5) to base 13
-66
Convert 1700 (base 9) to base 3.
1210000
bc6 (base 14) to base 6
14442
What is 8a9 (base 14) in base 11?
1321
-9392 (base 14) to base 10
-25412
Convert 342 (base 13) to base 6.
2333
What is 442 (base 7) in base 3?
22101
What is -343 (base 12) in base 14?
-267
What is -30021 (base 4) in base 2?
-1100001001
-110624 (base 7) to base 10
-19520
What is 6483 (base 9) in base 10?
4773
121210022 (base 3) to base 5
342424
What is -454 (base 13) in base 16?
-2e9
What is 374b (base 14) in base 10?
9671
-2157 (base 12) to base 14
-149d
297 (base 10) to base 6
1213
Convert -120221 (base 3) to base 13.
-271
What is 66a5 (base 11) in base 16?
227b
What is -3398 (base 15) in base 5?
-322233
What is -77b (base 14) in base 2?
-10111001001
Convert -17d3 (base 14) to base 7.
-15353
What is -11 (base 5) in base 10?
-6
-34c (base 15) to base 11
-61a
Convert -2242 (base 5) to base 3.
-102221
What is 200110 (base 5) in base 11?
479a
Convert 77267 (base 9) to base 3.
2121022021
Convert 6811 (base 14) to base 7.
103421
What is 4d (base 16) in base 15?
52
355 (base 7) to base 14
d5
What is -f7f (base 16) in base 8?
-7577
What is -31102320 (base 4) in base 11?
-37a06
What is a7a (base 14) in base 11?
1610
1100111 (base 2) to base 13
7c
What is 1211303 (base 4) in base 6?
50055
Convert 110111110 (base 2) to base 4.
12332
What is 303 (base 11) in base 2?
101101110
-add8 (base 15) to base 16
-900e
Convert -1155 (base 9) to base 6.
-3552
-120 (base 13) to base 5
-1240
1565 (base 11) to base 2
11111010111
-3036 (base 7) to base 6
-4520
43203 (base 5) to base 7
11352
-826 (base 9) to base 15
-2ec
What is -1715 (base 8) in base 6?
-4301
Convert -bdb (base 16) to base 8.
-5733
What is 155055 (base 7) in base 16?
7767
What is -11101210122 (base 3) in base 7?
-510332
Convert 394 (base 12) to base 6.
2304
257 (base 13) to base 12
2a2
687 (base 14) to base 5
20140
Convert 11d (base 15) to base 7.
511
246 (base 11) to base 2
100100100
What is 4231 (base 10) in base 3?
12210201
Convert -31542 (base 9) to base 15.
-62a5
What is -10111101001 (base 2) in base 7?
-4261
-623 (base 10) to base 9
-762
Convert -20121 (base 4) to base 9.
-656
344 (base 9) to base 16
11b
-413 (base 13) to base 7
-2006
What is -59 (base 13) in base 7?
-134
What is -17d (base 14) in base 3?
-102101
-131122 (base 4) to base 3
-2120201
Convert 1124 (base 6) to base 11.
224
What is 4100 (base 6) in base 13?
543
Convert 16105 (base 9) to base 14.
4033
Convert 1096 (base 10) to base 4.
101020
Convert 10133112 (base 4) to base 11.
128a9
-d3c9 (base 15) to base 5
-2412424
Convert 446 (base 10) to base 3.
121112
-32ac (base 15) to base 14
-3cad
What is -530 (base 8) in base 11?
-293
What is 8829 (base 16) in base 4?
20200221
1234141 (base 5) to base 15
72eb
What is 13113 (base 5) in base 14?
53b
3118 (base 10) to base 11
2385
Convert 115 (base 13) to base 15.
c7
-d36 (base 14) to base 5
-40341
What is -111031 (base 5) in base 14?
-15bd
Convert 145bc (base 13) to base 6.
453313
Convert 440 (base 12) to base 3.
212010
What is -17104 (base 9) in base 16?
-2de5
640 (base 13) to base 3
1110111
Convert -67bc (base 16) to base 2.
-110011110111100
Convert 3768 (base 12) to base 11.
4792
Convert 1692 (base 13) to base 8.
6402
-5333 (base 8) to base 3
-10210221
What is 3993 (base 11) in base 3?
21010000
Convert 230210 (base 5) to base 3.
102012222
Convert 3ea9 (base 15) to base 5.
412214
Convert -500 (base 15) to base 9.
-1480
What is 3715 (base 8) in base 14?
a29
Convert 1201244 (base 5) to base 12.
10936
Convert 243043 (base 5) to base 7.
35446
1011202 (base 3) to base 4
31121
Convert 35453 (base 6) to base 11.
3958
What is -5cc8 (base 14) in base 6?
-203120
What is 142b9 (base 12) in base 15?
84bc
-4013 (base 5) to base 4
-13330
-2091 (base 14) to base 12
-32bb
Convert -135 (base 13) to base 2.
-11010101
What is -1571 (base 11) in base 16?
-7de
Convert 201012 (base 4) to base 12.
1286
Convert 100321 (base 8) to base 5.
2023402
What is -2100021101 (base 3) in base 5?
-2434001
What is -2678 (base 12) in base 4?
-1010330
-33b6 (base 12) to base 6
-42350
What is 1eb1 (base 15) in base 4?
1220203
1cd (base 15) to base 10
418
What is 111010101 (base 2) in base 9?
571
73815 (base 9) to base 3
2110220112
Convert -10101000100111 (base 2) to base 15.
-32e6
Convert 4274 (base 8) to base 6.
14204
412333 (base 5) to base 7
54160
What is 2c93 (base 15) in base 3?
111011010
Convert -78 (base 12) to base 8.
-134
1002 (base 5) to base 10
127
What is -385 (base 13) in base 11?
-510
Convert -1004 (base 13) to base 11.
-1721
What is 119a (base 12) in base 13?
ba1
What is -270 (base 14) in base 3?
-200011
Convert -2013 (base 7) to base 4.
-22320
What is aacc (base 13) in base 8?
56424
-2005 (base 7) to base 6
-3111
Convert 35601 (base 9) to base 5.
1230230
What is 1194 (base 10) in base 9?
1566
-9622 (base 10) to base 5
-301442
What is -1485 (base 9) in base 6?
-5122
Convert -478 (base 12